e the greatest common divisor of 2 and n.
2
Suppose -32 = y - 102. Suppose -o - 4*o = -15. Suppose 2*w + o = 31. What is the greatest common factor of w and y?
14
Let w = -5 - -7. Suppose -5*a - 8 + 63 = 0. Let j be a - (-2 + (-2 - -5)). What is the greatest common divisor of j and w?
2
Let s(i) = -33*i**3 - 1. Let w = -4 + 3. Let d be s(w). Calculate the greatest common factor of 80 and d.
16
Suppose -4*o = -16, -a + 2*a + 3*o = 15. Let g(k) = 0*k - 3*k + a - 7 + 2*k**2. Let i be g(3). Calculate the highest common divisor of 45 and i.
5
Let l(c) = -c**2 + 3*c - 2*c - 2 + c**3 + 2*c. Let h be l(2). Calculate the highest common divisor of 88 and h.
8
Let j(k) = k**2 + 75. Let y be j(0). What is the highest common factor of 15 and y?
15
Let y be 111/9 + 0 + 1/(-3). Let v = 102 + -66. What is the highest common divisor of v and y?
12
Let t(i) = -2 - i**3 - 2 + 8 + 6 - i. Let m be t(0). What is the highest common factor of m and 50?
10
Suppose 3*r = -2*d + 5*r + 132, 58 = d - 3*r. Let s = -192 - -202. Calculate the highest common factor of d and s.
10
Let t be 26/3 - 2 - (-16)/12. What is the highest common divisor of 4 and t?
4
Suppose -3*t = 3*j - 0*t - 180, 0 = -5*j - 2*t + 312. Suppose u + j = 5*u. Let l = 61 - 37. What is the highest common divisor of l and u?
8
Suppose -5*j - 4*u - u = -250, 0 = -5*j + 3*u + 274. What is the highest common divisor of 53 and j?
53
Let n(g) = -5*g - 23. Let u be n(-6). What is the greatest common factor of u and 7?
7
Let m(r) = 9*r**3 - r**2 - 2*r + 1. Let q be m(-2). Let b(y) = 20*y + 4. Let x be b(5). Let j = x + q. What is the highest common factor of 11 and j?
11
Let q(t) = t**2 - 4*t + 4. Suppose -j + 20 + 5 = 4*s, 4*j - 10 = -s. Let c be q(s). Calculate the highest common divisor of c and 4.
4
Suppose -3*a + 13 = -53. Calculate the highest common divisor of a and 88.
22
Let g(k) = 3*k**2 + 7*k - 2. Let q be g(-5). Calculate the highest common factor of 418 and q.
38
Let q(k) = -3*k**3 + 8 - 3*k - 9 + 2*k**3 - 5*k - 4*k**2. Let r be q(-6). Calculate the greatest common factor of 17 and r.
17
Let d(n) = n**3 - n + 2. Let b be d(2). Suppose 0 = 2*s + m + 2*m - 100, s + 2*m = 48. What is the highest common factor of s and b?
8
Let n(f) = 5*f - 4. Let c be n(1). Calculate the greatest common divisor of c and 1.
1
Let j be (-4)/(-26) - 12231/(-351). What is the greatest common factor of 385 and j?
35
Let q be (6*-2)/(3/(-22)). Let g be 774/14 + 6/(-21). Suppose g = 2*j + 3*j. Calculate the greatest common factor of q and j.
11
Let c = 15 + 9. Suppose x - 3*k - c = 0, -5*x + 0*k = -5*k - 90. Calculate the greatest common divisor of x and 90.
15
Let k = -3 - -5. Calculate the greatest common divisor of k and 4.
2
Let k = 207 + -108. What is the highest common factor of k and 11?
11
Suppose 10 = -3*x + 55. Suppose -3*z = -2*b - 20, b + 2 = -z + 7. What is the greatest common divisor of x and z?
3
Suppose -4*n + 2*y + 12 = -n, -16 = -4*n + 2*y. Suppose -r + n = -0*r. Calculate the greatest common divisor of r and 32.
4
Let k = 0 - -1. Let m be 2*-2*k/(-2). Let x be 3*m*(1 + 7). What is the greatest common factor of x and 12?
12
Let u = 159 - 150. Let j(z) = 21*z**2 + z - 1. Let t be j(-2). Calculate the greatest common divisor of t and u.
9
Suppose -t + 4*a + 78 = t, 3*t - 72 = -3*a. Let w = t + -19. What is the highest common factor of w and 30?
10
Let w be (45/(-6))/((-2)/24). What is the highest common factor of w and 60?
30
Let f(i) = -i. Let d be f(-2). Suppose -3*w - 5 = 2*w. Let j be (w + 4)/(0 - -1). Calculate the greatest common divisor of d and j.
1
Let f = -2 - -7. Let s = 8 - -5. Suppose -32 - s = -f*q. Calculate the highest common divisor of 6 and q.
3
Suppose 4 = 2*t - t. Let j(h) = h + 13. Let n(r) = -r**3 + 2*r**2 - r + 3. Let x be n(3). Let b be j(x). What is the highest common divisor of t and b?
4
Let f(w) = -w**2 - 9*w. Let o be f(-8). Let l be 0 + (o - (3 + -2)). Calculate the greatest common factor of 14 and l.
7
Let m be -3 + 1 - (1 - -1). Let v(z) = z**3 + 8*z**2 + 2*z - 1. Let y be v(m). What is the highest common factor of 11 and y?
11
Suppose 4*x + 3 + 11 = o, 4*o + 3*x = -1. Suppose -67 = -4*h + n + 23, -o*h + 4*n = -52. What is the highest common divisor of 11 and h?
11
Let f(h) = -23*h - 22. Let b be f(-2). What is the highest common factor of b and 9?
3
Let o(w) = -2*w + 14. Let f be o(4). What is the greatest common factor of 42 and f?
6
Let v(a) = -7 + 4*a + 2*a**2 + 7. Let o = -13 + 7. Let g be v(o). What is the greatest common divisor of g and 120?
24
Let q be 0 - -3 - -30 - -3. What is the greatest common divisor of 24 and q?
12
Suppose 3*q - 5*v - 3 = -0*q, 2*v + 3 = 3*q. Let a = 3 - q. Suppose -2*j + 21 = 1. Calculate the highest common divisor of a and j.
2
Suppose 134 + 166 = 3*y. Suppose -k - r + 196 = 4*k, k - 4*r - 56 = 0. Calculate the highest common factor of k and y.
20
Let x = 17 - -10. Suppose -5*y + 4*g = g - 54, g = -3*y + 24. What is the highest common factor of x and y?
9
Suppose 3*u = -9, 0 = 3*y - 0*u - 5*u - 303. Let j = 50 - 32. Let s be j*5/((-30)/(-4)). Calculate the greatest common divisor of y and s.
12
Suppose 9*c - 44 = 5*c. What is the highest common divisor of c and 121?
11
Suppose 3*i - 35 = 13. Let g(q) = 5*q**2 - 2*q - 8. Let j be g(4). Calculate the greatest common factor of i and j.
16
Let k(o) = 5*o**2 - 4*o + 2. Let m be k(3). What is the highest common factor of m and 385?
35
Let d be -1 + (3 - -1) + 19. Calculate the highest common divisor of 66 and d.
22
Suppose 0 = 2*y + 7 - 9. What is the highest common divisor of 3 and y?
1
Let o be (104/20)/((-2)/(-5)). What is the greatest common factor of 117 and o?
13
Suppose 3*b = -3*c + 2*b + 159, c = -5*b + 67. Calculate the highest common factor of c and 13.
13
Let z(s) = s**3 + 7*s**2 + 6*s + 7. Suppose 3*u = 2*u. Suppose u = c - 1 + 7. Let l be z(c). What is the greatest common divisor of 35 and l?
7
Suppose 12 - 27 = 5*x. Let m = x + 5. Suppose -3*v = -m*v - 11. Calculate the greatest common divisor of 1 and v.
1
Suppose -3*v - 4*f + 8 = v, 2*f + 2 = 0. Calculate the greatest common divisor of v and 9.
3
Let y be 4 + (-2 - 0) - -27. Let x(o) = 6*o**2 + 3*o + 8. Let j be x(4). What is the greatest common factor of j and y?
29
Let l be (26/3)/(14/21). Calculate the highest common divisor of 65 and l.
13
Let l(y) = 1. Let g(h) = h + 3. Let a(p) = g(p) - 2*l(p). Let f be a(4). Suppose -4*c + f = j, 3*j - 5*c = -5 + 3. What is the highest common factor of j and 2?
1
Let s = 48 - 25. Calculate the highest common divisor of 23 and s.
23
Let q = -38 + 53. What is the greatest common divisor of q and 45?
15
Let l(m) = 21*m**2 - 2*m - 1. Let b be l(-1). Let p = 676 - 610. What is the highest common divisor of b and p?
22
Let i(j) = -3*j - 62. Let s be i(-26). What is the highest common divisor of s and 80?
16
Suppose 5*w = 4*w + 4, 52 = -4*k + 3*w. Let m be (4 + -2)/((-2)/k). Calculate the greatest common divisor of m and 2.
2
Let p(j) = 10*j + 14. Let z be p(-1). Let t(r) = 5*r + 1. Let h = 12 - 5. Let d be t(h). What is the highest common factor of z and d?
4
Let z(q) = -q**2 - 8*q + 3. Let v be z(-8). Suppose -k = -3*o - 6, -v*k - o + 48 = -20. Calculate the highest common factor of 189 and k.
21
Let o = -2 + 14. Suppose -g + 1 = b, 5*b - 5*g - o - 3 = 0. What is the greatest common factor of 2 and b?
2
Suppose -p + 150 = 4*g + 34, 0 = 4*g + 2*p - 120. What is the greatest common divisor of g and 280?
28
Let k = -143 - -203. Let t be (-1)/((-4)/8 - 0). Suppose -c = -4*z + 1, -t*c + 2*z + 2*z = -14. What is the highest common factor of c and k?
15
Suppose 5*w - 3*w - 26 = 0. Suppose 0 = 5*u - 3*p - 13 - w, -5*u - 5*p + 10 = 0. Calculate the highest common factor of u and 36.
4
Let l(s) = 5*s - 2. Let q be l(-2). Let o = -18 - q. Let m be 4/o - 38/(-3). What is the highest common factor of 24 and m?
12
Suppose 0 = j + 4, -v + 4*j + 24 = -0*v. Suppose 0 = -4*l + 12, -90 = -3*w - 2*l + 5*l. Suppose 3*i - w = 15. Calculate the greatest common divisor of i and v.
8
Suppose 2*x + 126 = 5*x. Suppose -3*v + 5 = -5*g + 35, 4*g - 5*v = 24. What is the greatest common divisor of x and g?
6
Let k(u) = -u**2 - 4*u + 28. Let z be k(0). Calculate the greatest common factor of z and 70.
14
Let s(r) = r + 1. Let o